2 + 74*l - 247. Determine q(4).
-767
Let v(n) = -n**3 - 6*n**2 - 12*n - 132. What is v(-7)?
1
Let t(b) = 3*b**3 + 19*b**2 + 41*b + 5. Give t(-2).
-25
Let r(q) = -175*q - 1590. Calculate r(-9).
-15
Let o(d) = 1692*d + 52452. Give o(-31).
0
Let j(g) = 14*g**2 - 64*g - 236. Give j(-4).
244
Let z(r) = r**2 - 133*r - 869. What is z(-6)?
-35
Let q(m) = -178*m - 3995. Give q(-22).
-79
Let q(n) = -n**2 + 17*n + 1. What is q(19)?
-37
Let g(l) = -69*l - 1718. What is g(-25)?
7
Let s(m) = 4*m**2 + 94*m - 46. Give s(-24).
2
Let w(f) = 9*f**2 - 117*f - 6. What is w(13)?
-6
Let d(y) = -14*y + 107. Give d(7).
9
Let r(m) = m**2 + 54*m - 2495. Determine r(30).
25
Let q(h) = -h**2 - 39*h + 2. Determine q(-43).
-170
Let d(j) = -80*j + 5069. Give d(63).
29
Let k(o) = 29*o + 195. Calculate k(-6).
21
Let f(o) = 160*o - 431. Calculate f(7).
689
Let i(z) = -13*z**2 + 5*z + 18. What is i(-4)?
-210
Let k(h) = 3*h**3 + 6*h**2 - h - 6. What is k(-3)?
-30
Let x(h) = h**3 - 22*h**2 - 78*h + 49. What is x(25)?
-26
Let w(v) = 5*v**3 + 133*v**2 - 51*v + 65. What is w(-27)?
-16
Let v(z) = 20*z + 1139. Give v(-58).
-21
Let j(s) = -s**3 + 106*s**2 + 326*s + 83. Give j(109).
-26
Let t(a) = 543*a + 1624. What is t(-3)?
-5
Let h(y) = -3*y**2 + 8. What is h(6)?
-100
Let u(v) = -30*v + 505. Determine u(17).
-5
Let g(w) = 33*w**3 + 1253*w**2 - 35*w + 106. Determine g(-38).
-8
Let n(c) = -294*c - 3536. What is n(-12)?
-8
Let u(l) = -l**3 + 53*l**2 - 395*l - 53. Determine u(44).
-9
Let o(y) = -y**3 - 10*y**2 + 2*y - 17. What is o(-7)?
-178
Let r(z) = -28*z**2 + 12*z + 33. Calculate r(-3).
-255
Let q(g) = -g**3 + 4*g**2 + 5*g + 37. Determine q(7).
-75
Let y(c) = 56*c + 1558. Calculate y(-21).
382
Let m(d) = 61*d**2 + 164*d + 327. Calculate m(-2).
243
Let b(n) = 11*n**3 - 29*n**2 + 38*n - 94. Give b(3).
56
Let h(g) = 17*g - 230. Determine h(16).
42
Let v(o) = -5*o**2 - 197*o - 606. Calculate v(-36).
6
Let f(a) = -116*a**2 - 157*a - 3. What is f(-2)?
-153
Let f(n) = 11*n**2 + 67*n - 139. What is f(2)?
39
Let k(j) = -8511*j - 119152. Determine k(-14).
2
Let u(d) = -11*d + 47. Determine u(-5).
102
Let q(y) = -3*y**2 - 136*y - 173. What is q(-44)?
3
Let c(p) = -p**3 - 133*p**2 - 647*p - 899. Calculate c(-128).
-3
Let b(m) = 69*m - 6836. Calculate b(99).
-5
Let d(a) = -2*a**3 + 47*a**2 + 27*a + 64. What is d(24)?
136
Let v(u) = u**2 - 387*u - 6025. Determine v(-15).
5
Let y(f) = -f**2 + 4424*f - 26493. Calculate y(6).
15
Let v(m) = 3*m**2 + 36*m + 72. Calculate v(-2).
12
Let c(d) = -d**3 + 5*d**2 - 23*d + 9. Calculate c(6).
-165
Let k(t) = -t**2 + 64*t + 8626. Give k(130).
46
Let p(x) = -89*x**2 - 447*x + 6. Give p(-5).
16
Let w(t) = -t**2 + 20*t + 135. Give w(29).
-126
Let n(f) = 6369*f + 3. Calculate n(0).
3
Let j(r) = -53*r**2 - 702*r - 778. Determine j(-12).
14
Let a(c) = -2*c**3 + 56*c**2 + 5*c - 173. What is a(28)?
-33
Let b(h) = -461*h - 30426. Determine b(-66).
0
Let m(t) = 52*t - 1949. Give m(37).
-25
Let n(o) = -o**3 + 14*o**2 + 71*o - 19. Calculate n(18).
-37
Let s(w) = -w**3 + 2*w**2 - 5*w + 17. Calculate s(5).
-83
Let r(c) = c**3 + 5*c**2 - 5*c + 19. What is r(5)?
244
Let z(o) = -3*o**2 - 145*o - 136. Calculate z(-1).
6
Let f(a) = -4*a + 9. Calculate f(-4).
25
Let q(d) = 2*d**2 - 37*d + 309. What is q(21)?
414
Let o(z) = 37*z - 496. Determine o(14).
22
Let k(o) = -76*o**2 + 1289*o + 38. Give k(17).
-13
Let p(l) = l**3 + 21*l**2 + 4*l + 7. Determine p(-21).
-77
Let h(p) = 112*p - 226. Give h(2).
-2
Let y(p) = p**3 - 41*p**2 + 12*p + 161. Give y(41).
653
Let x(h) = -141*h - 8314. Determine x(-59).
5
Let j(a) = 8*a**2 - 55*a + 35. What is j(6)?
-7
Let g(i) = -1787*i + 26799. What is g(15)?
-6
Let h(o) = 18*o - 591. What is h(33)?
3
Let h(n) = -14*n - 327. Determine h(-26).
37
Let x(a) = -26*a - 555. Give x(-18).
-87
Let v(p) = 2814*p - 16891. What is v(6)?
-7
Let x(u) = -5*u**2 + 40*u - 58. Determine x(5).
17
Let t(a) = -a**2 + 361*a + 3334. Determine t(-9).
4
Let n(m) = -3944*m - 19713. What is n(-5)?
7
Let i(y) = -17*y**2 - 356*y + 800. Give i(-23).
-5
Let z(o) = -84*o + 508. Give z(6).
4
Let n(r) = -81*r + 228. What is n(10)?
-582
Let g(f) = -4*f - 61. Give g(-21).
23
Let h(b) = b**3 + 5*b**2 - 125*b - 253. What is h(-2)?
9
Let r(o) = 21*o**2 + 7*o + 12. Give r(-3).
180
Let l(q) = 63*q + 189. Determine l(-3).
0
Let y(b) = b**2 - 24*b - 789. What is y(-17)?
-92
Let b(i) = 2*i**2 - 130*i - 817. Calculate b(-6).
35
Let u(j) = -3*j - 215. What is u(-71)?
-2
Let h(x) = 182*x + 8370. Determine h(-46).
-2
Let g(v) = 54*v**2 + 30*v. Calculate g(1).
84
Let m(s) = -s**3 - 3*s**2 + 7*s + 34. Determine m(-4).
22
Let s(n) = -13*n - 245. Determine s(-19).
2
Let f(g) = -g**3 - 8*g**2 + 49*g - 8. Determine f(5).
-88
Let y(p) = -143*p - 18266. Give y(-128).
38
Let v(q) = -4*q**2 + 1226*q + 1869. What is v(308)?
21
Let u(c) = -c**3 + 15*c**2 + 5*c + 74. Calculate u(17).
-419
Let k(v) = 2*v**2 + 958*v - 2886. Determine k(3).
6
Let d(x) = -x**3 + 41*x**2 - 181*x + 27. Determine d(36).
-9
Let h(q) = 38*q + 1237. Calculate h(-34).
-55
Let u(n) = -209*n - 199. Determine u(-1).
10
Let k(c) = 967*c + 4832. Calculate k(-5).
-3
Let x(a) = -3*a**3 - 6*a**2 - 7*a - 14. Determine x(-4).
110
Let m(c) = 4*c**3 - 281*c**2 + 353*c - 564. Give m(69).
-12
Let m(h) = -h**3 + 21*h**2 + 91*h + 52. Determine m(-3).
-5
Let m(o) = 35*o + 14. Determine m(2).
84
Let h(n) = -2*n**2 - 196*n - 4470. Determine h(-62).
-6
Let w(b) = -49*b - 87. Give w(-5).
158
Let v(f) = 4*f - 36. Determine v(17).
32
Let g(x) = 3*x**3 - 9*x**2 + 769*x - 2291. What is g(3)?
16
Let k(s) = 11544*s + 92350. Determine k(-8).
-2
Let k(v) = -6*v**2 - 28*v - 140. Give k(-8).
-300
Let y(t) = 127*t + 20450. Determine y(-161).
3
Let i(x) = -3746*x - 11219. What is i(-3)?
19
Let o(n) = n**2 - 17*n - 227. Calculate o(-10).
43
Let b(x) = -x**3 - 46*x**2 + 20*x + 108. Calculate b(-46).
-812
Let n(m) = -m**2 + 65*m + 1336. Give n(82).
-58
Let a(j) = -j**2 - 19*j + 45. Determine a(2).
3
Let o(y) = -y**3 - 12*y**2 + 62*y - 14. Give o(-16).
18
Let b(y) = -3*y**3 + 10*y**2 - 15*y - 15. Calculate b(5).
-215
Let i(m) = m**2 + 298*m - 598. Determine i(2).
2
Let m(i) = 3*i**3 + 22*i**2 - 61*i - 19. Determine m(3).
77
Let n(f) = -209*f - 908. Determine n(-4).
-72
Let i(h) = -h**2 - 310*h - 618. What is i(-2)?
-2
Let j(k) = -5*k**2 - 129*k + 54. Calculate j(-26).
28
Let v(r) = -4*r**2 - 79*r - 166. Calculate v(-5).
129
Let v(z) = -2039*z + 48932. Determine v(24).
-4
Let a(k) = -61*k + 7991. Calculate a(131).
0
Let d(g) = g**3 + 3*g**2 + 98*g + 1. Give d(0).
1
Let a(b) = 2*b**3 + 26*b**2 - 18*b - 213. What is a(-13)?
21
Let k(m) = -66*m - 1119. Give k(-17).
3
Let h(w) = 4*w**2 + 193*w + 578. Calculate h(-45).
-7
Let d(l) = -114*l - 443. What is d(-6)?
241
Let x(i) = 14*i - 437. Calculate x(28).
-45
Let i(y) = 78*y - 314. What is i(10)?
466
Let u(n) = -n**3 + 5*n**2 - 15*n + 12. Calculate u(6).
-114
Let s(l) = -7*l - 24. Give s(3).
-45
Let c(q) = q**3 - 17*q**2 + 113*q + 9. Calculate c(7).
310
Let l(a) = -57*a + 3396. Give l(60).
-24
Let x(j) = -j**2 + 10*j - 15. Give x(-3).
-54
Let g(j) = 69836*j + 558691. Give g(-8).
3
Let u(o) = -1168*o - 263. Give u(-1).
905
Let s(x) = -8192*x - 32734. What is s(-4)?
34
Let z(o) = -2*o**2 - 4*o + 21. Give z(-1).
23
Let m(a) = -8*a**2 + 160*a + 1441. Calculate m(-9).
-647
Let o(q) = q**3 - 42*q**2 - 43*q - 134. Give o(43).
-134
Let f(v) = -6946*v + 13900. Give f(2).
8
Let h(l) = 1963*l + 1981. Calculate h(-1).
18
Let z(c) = 36*c - 542. Give z(12).
-110
Let z(o) = 143*o + 69. Give z(-1).
-74
Let y(f) = 11*f**2 - 33*f + 14. Determine y(5).
124
Let d(w) = -w**2 - 27*w - 155. Give d(-18).
7
Let s(t) = t**3 - 18*t**2 - 19*t - 58. What is s(19)?
-58
Let v(k) = -427*k - 7230. Determine v(-17).
29
Let g(t) = t**3 - 8*t**2 + 10*t + 1. Calculate g(6).
-11
Let c(t) = 3*t**3 + 37*t**2 - 26*t - 30. Determine c(-13).
-30
Let a(z) = z**3 - z**2 - 2*z - 23. What is a(3)?
-11
Let c(r) = 113*r**3 + 4*r**2 + 6*r - 8. Determine c(1).
115
Let y(f) = 2*f**3 + 87*f**2 + 41*f - 75. What is y(-43)?
11
Let s(q) = 207*q - 3353. What is s(16)?
-41
Let y(o) = -22*o - 1313. Determine y(-60).
7
Let v(k) = -8*k**2 - 71*k - 55. Calculate v(-8).
1
Let x(m) = m**2 + 10*m - 372. What is x(15)?
3
Let f(o) = o**2 + 44*o + 472. Calculate f(-22).
-12
Let z(b) = -b**3 + 4